{"id":1885,"date":"2020-09-15T06:48:51","date_gmt":"2020-09-15T06:48:51","guid":{"rendered":"https:\/\/somosdaniysofi.com\/index.php\/services\/"},"modified":"2025-06-30T16:41:03","modified_gmt":"2025-06-30T16:41:03","slug":"servicios-fotografia-y-video","status":"publish","type":"page","link":"https:\/\/somosdaniysofi.com\/index.php\/servicios-fotografia-y-video\/","title":{"rendered":"Services"},"content":{"rendered":"\n<div class=\"wp-block-uagb-container uagb-block-b1cd501a alignfull uagb-is-root-container\"><div class=\"uagb-container-inner-blocks-wrap\">\n<div class=\"wp-block-uagb-advanced-heading uagb-block-7fa2cc46\"><h1 class=\"uagb-heading-text\">Servicios<\/h1><\/div>\n<\/div><\/div>\n\n\n\n<div class=\"wp-block-uagb-container uagb-block-f754708a alignfull uagb-is-root-container\"><div class=\"uagb-container-inner-blocks-wrap\">\n<div class=\"wp-block-uagb-advanced-heading uagb-block-429395c4\"><h2 class=\"uagb-heading-text\">CONOCE NUESTROS SERVICIOS DE FOTOGRAF\u00cdA Y V\u00cdDEO<\/h2><div class=\"uagb-separator\"><\/div><\/div>\n\n\n\n<div class=\"wp-block-uagb-container uagb-block-941f79a2\">\n<div class=\"wp-block-uagb-container uagb-block-4dd9df34\">\n<div class=\"wp-block-uagb-info-box uagb-block-da62fc96 uagb-infobox__content-wrap  uagb-infobox_cta-type-all uagb-infobox-icon-above-title uagb-infobox-image-valign-top\"><a href=\"https:\/\/somosdaniysofi.com\/index.php\/fotografo-y-video-de-bodas\/\" class=\"uagb-infobox-link-wrap uagb-infbox__link-to-all\" target=\"_self\" aria-label=\"Infobox Link\" rel=\"noopener noreferrer\" onclick=\"return true;\"><\/a><div class=\"uagb-ifb-content\"><div class=\"uagb-ifb-image-content\"><img decoding=\"async\" src=\"https:\/\/somosdaniysofi.com\/wp-content\/uploads\/2023\/03\/Casa-Manuela-1-scaled.jpg\" width=\"2560\" height=\"1709\" loading=\"lazy\"\/><\/div><div class=\"uagb-ifb-title-wrap\"><\/div><div class=\"uagb-ifb-button-wrapper wp-block-button\"><\/div><\/div><\/div>\n\n\n\n<div class=\"wp-block-uagb-advanced-heading uagb-block-6f712e51\"><h2 class=\"uagb-heading-text\">FOTOGRAF\u00cdA Y V\u00cdDEO PARA BODAS<\/h2><p class=\"uagb-desc-text\">En nuestra secci\u00f3n de fotograf\u00eda y v\u00eddeo para bodas, te ofrecemos servicios personalizados y profesionales para capturar cada momento de tu gran d\u00eda. Desde los preparativos hasta el baile, nos aseguramos de documentar todos los detalles para que puedas revivir tus recuerdos con emoci\u00f3n.<\/p><\/div>\n<\/div>\n\n\n\n<div class=\"wp-block-uagb-container uagb-block-cc703885\">\n<div class=\"wp-block-uagb-info-box uagb-block-48a9b4f4 uagb-infobox__content-wrap  uagb-infobox_cta-type-all uagb-infobox-icon-above-title uagb-infobox-image-valign-top\"><a href=\"https:\/\/somosdaniysofi.com\/index.php\/fotografia-de-bautizo\/\" class=\"uagb-infobox-link-wrap uagb-infbox__link-to-all\" target=\"_self\" aria-label=\"Infobox Link\" rel=\"noopener noreferrer\" onclick=\"return true;\"><\/a><div class=\"uagb-ifb-content\"><div class=\"uagb-ifb-image-content\"><img decoding=\"async\" src=\"https:\/\/somosdaniysofi.com\/wp-content\/uploads\/2023\/03\/DSC8847-scaled.jpg\" width=\"2560\" height=\"1709\" loading=\"lazy\"\/><\/div><div class=\"uagb-ifb-title-wrap\"><\/div><div class=\"uagb-ifb-button-wrapper wp-block-button\"><\/div><\/div><\/div>\n\n\n\n<div class=\"wp-block-uagb-advanced-heading uagb-block-5bb440d9\"><h2 class=\"uagb-heading-text\">FOTOGRAF\u00cdA DE BAUTIZOS<\/h2><p class=\"uagb-desc-text\">Fotograf\u00eda profesional de bautizos en Madrid orientada a capturar cada momento memorable. Nuestros servicios incluye desde la ceremonia hasta la celebraci\u00f3n, creando im\u00e1genes \u00fanicas y atemporales. Cont\u00e1ctanos para saber m\u00e1s sobre nuestros servicios de fotograf\u00eda para bautizos.<\/p><\/div>\n<\/div>\n<\/div>\n\n\n\n<div class=\"wp-block-uagb-container uagb-block-7fa08b2b\">\n<div class=\"wp-block-uagb-container uagb-block-00af217f\">\n<div class=\"wp-block-uagb-info-box uagb-block-62523d95 uagb-infobox__content-wrap  uagb-infobox_cta-type-all uagb-infobox-icon-above-title uagb-infobox-image-valign-top\"><a href=\"https:\/\/somosdaniysofi.com\/index.php\/fotografia-de-embarazada\" class=\"uagb-infobox-link-wrap uagb-infbox__link-to-all\" target=\"_self\" aria-label=\"Infobox Link\" rel=\"noopener noreferrer\" onclick=\"return true;\"><\/a><div class=\"uagb-ifb-content\"><div class=\"uagb-ifb-image-content\"><img decoding=\"async\" src=\"https:\/\/somosdaniysofi.com\/wp-content\/uploads\/2023\/03\/Esther-Ecografia-1-scaled.jpg\" width=\"2560\" height=\"1709\" loading=\"lazy\"\/><\/div><div class=\"uagb-ifb-title-wrap\"><\/div><div class=\"uagb-ifb-button-wrapper wp-block-button\"><\/div><\/div><\/div>\n\n\n\n<div class=\"wp-block-uagb-advanced-heading uagb-block-2e9a40da\"><h2 class=\"uagb-heading-text\">FOTOGRAF\u00cdA PREMAM\u00c1<\/h2><p class=\"uagb-desc-text\">Nuestros servicios de fotograf\u00eda premam\u00e1 capturan la emoci\u00f3n y el amor de tu embarazo. Con nuestra experiencia y pasi\u00f3n por la fotograf\u00eda, creamos recuerdos duraderos que reflejan la belleza de este momento especial. Cont\u00e1ctanos para saber m\u00e1s sobre nuestros servicios y c\u00f3mo podemos ayudarte a crear im\u00e1genes que durar\u00e1n toda la vida<\/p><\/div>\n<\/div>\n\n\n\n<div class=\"wp-block-uagb-container uagb-block-493ddfb5\">\n<div class=\"wp-block-uagb-info-box uagb-block-a5ba7cc2 uagb-infobox__content-wrap  uagb-infobox_cta-type-all uagb-infobox-icon-above-title uagb-infobox-image-valign-top\"><a href=\"https:\/\/somosdaniysofi.com\/index.php\/fotografia-de-recien-nacido\" class=\"uagb-infobox-link-wrap uagb-infbox__link-to-all\" target=\"_self\" aria-label=\"Infobox Link\" rel=\"noopener noreferrer\" onclick=\"return true;\"><\/a><div class=\"uagb-ifb-content\"><div class=\"uagb-ifb-image-content\"><img decoding=\"async\" src=\"https:\/\/somosdaniysofi.com\/wp-content\/uploads\/2023\/03\/Alma-16-scaled.jpg\" width=\"2560\" height=\"1709\" loading=\"lazy\"\/><\/div><div class=\"uagb-ifb-title-wrap\"><\/div><div class=\"uagb-ifb-button-wrapper wp-block-button\"><\/div><\/div><\/div>\n\n\n\n<div class=\"wp-block-uagb-advanced-heading uagb-block-282f5e1e\"><h2 class=\"uagb-heading-text\">FOTOGRAF\u00cdA DE RECI\u00c9N NACIDO<\/h2><p class=\"uagb-desc-text\">Nuestra fotograf\u00eda de reci\u00e9n nacido capta los momentos m\u00e1s tiernos y emocionantes de tu beb\u00e9 en sus primeros d\u00edas de vida, creando im\u00e1genes que te transportar\u00e1n a ese momento especial una y otra vez. <br>Con nuestro cuidado y habilidad, creamos im\u00e1genes hermosas y duraderas que reflejan la belleza y la inocencia de tu peque\u00f1o\/a. <\/p><\/div>\n<\/div>\n<\/div>\n\n\n\n<div class=\"wp-block-uagb-container uagb-block-ff5d3b60\">\n<div class=\"wp-block-uagb-container uagb-block-bb776cba\">\n<div class=\"wp-block-uagb-info-box uagb-block-e4aabf38 uagb-infobox__content-wrap  uagb-infobox_cta-type-all uagb-infobox-icon-above-title uagb-infobox-image-valign-top\"><a href=\"https:\/\/somosdaniysofi.com\/index.php\/fotografia-infantil-madrid\" class=\"uagb-infobox-link-wrap uagb-infbox__link-to-all\" target=\"_self\" aria-label=\"Infobox Link\" rel=\"noopener noreferrer\" onclick=\"return true;\"><\/a><div class=\"uagb-ifb-content\"><div class=\"uagb-ifb-image-content\"><img decoding=\"async\" src=\"https:\/\/somosdaniysofi.com\/wp-content\/uploads\/2023\/06\/Julia-5-scaled.jpg\" alt=\"\" width=\"2560\" height=\"1709\" loading=\"lazy\"\/><\/div><div class=\"uagb-ifb-title-wrap\"><\/div><div class=\"uagb-ifb-button-wrapper wp-block-button\"><\/div><\/div><\/div>\n\n\n\n<div class=\"wp-block-uagb-advanced-heading uagb-block-16d1e9f0\"><h2 class=\"uagb-heading-text\">FOTOGRAF\u00cdA INFANTIL<\/h2><p class=\"uagb-desc-text\">Nuestra secci\u00f3n de fotograf\u00eda infantil est\u00e1 dise\u00f1ada para capturar la autenticidad y la belleza natural de tu hijo. Creemos que cada ni\u00f1o es \u00fanico y especial, y nos encanta trabajar con ellos para crear im\u00e1genes que reflejen su personalidad y carisma. <br>Con nuestra t\u00e9cnica y creatividad, hacemos que cada sesi\u00f3n de fotos sea una experiencia divertida y memorable para toda la familia. <\/p><\/div>\n<\/div>\n\n\n\n<div class=\"wp-block-uagb-container uagb-block-eed67d31\">\n<div class=\"wp-block-uagb-info-box uagb-block-4314ce25 uagb-infobox__content-wrap  uagb-infobox_cta-type-all uagb-infobox-icon-above-title uagb-infobox-image-valign-top\"><a href=\"https:\/\/somosdaniysofi.com\/index.php\/fotografia-familiar-familia\/\" class=\"uagb-infobox-link-wrap uagb-infbox__link-to-all\" target=\"_self\" aria-label=\"Infobox Link\" rel=\"noopener noreferrer\" onclick=\"return true;\"><\/a><div class=\"uagb-ifb-content\"><div class=\"uagb-ifb-image-content\"><img decoding=\"async\" src=\"https:\/\/somosdaniysofi.com\/wp-content\/uploads\/2024\/11\/Familiar-10-scaled.jpg\" width=\"2560\" height=\"1709\" loading=\"lazy\"\/><\/div><div class=\"uagb-ifb-title-wrap\"><\/div><div class=\"uagb-ifb-button-wrapper wp-block-button\"><\/div><\/div><\/div>\n\n\n\n<div class=\"wp-block-uagb-advanced-heading uagb-block-ba948abe\"><h2 class=\"uagb-heading-text\">FOTOGRAF\u00cdA FAMILIAR<\/h2><p class=\"uagb-desc-text\">En nuestras sesiones de fotograf\u00eda familiar capturamos momentos \u00fanicos y aut\u00e9nticos que reflejan la esencia de tu familia. Ofrecemos sesiones personalizadas en exteriores, a domicilio o en estudio. Como fot\u00f3grafos profesionales, nos aseguramos de que siempre est\u00e9is c\u00f3modos durante la sesi\u00f3n. Tambi\u00e9n puedes optar por \u00e1lbumes personalizados para guardar esos recuerdos de forma \u00fanica.<\/p><\/div>\n<\/div>\n<\/div>\n<\/div><\/div>\n","protected":false},"excerpt":{"rendered":"<p>Servicios CONOCE NUESTROS SERVICIOS DE FOTOGRAF\u00cdA Y V\u00cdDEO FOTOGRAF\u00cdA Y V\u00cdDEO PARA BODAS En nuestra secci\u00f3n de fotograf\u00eda y v\u00eddeo para bodas, te ofrecemos servicios personalizados y profesionales para capturar cada momento de tu gran d\u00eda. Desde los preparativos hasta el baile, nos aseguramos de documentar todos los detalles para que puedas revivir tus recuerdos [&hellip;]<\/p>\n","protected":false},"author":1,"featured_media":0,"parent":0,"menu_order":0,"comment_status":"closed","ping_status":"closed","template":"","meta":{"_uag_custom_page_level_css":"","site-sidebar-layout":"no-sidebar","site-content-layout":"plain-container","ast-site-content-layout":"normal-width-container","site-content-style":"unboxed","site-sidebar-style":"unboxed","ast-global-header-display":"","ast-banner-title-visibility":"","ast-main-header-display":"","ast-hfb-above-header-display":"","ast-hfb-below-header-display":"","ast-hfb-mobile-header-display":"","site-post-title":"disabled","ast-breadcrumbs-content":"","ast-featured-img":"","footer-sml-layout":"","theme-transparent-header-meta":"enabled","adv-header-id-meta":"","stick-header-meta":"","header-above-stick-meta":"","header-main-stick-meta":"","header-below-stick-meta":"","astra-migrate-meta-layouts":"set","ast-page-background-enabled":"default","ast-page-background-meta":{"desktop":{"background-color":"","background-image":"","background-repeat":"repeat","background-position":"center center","background-size":"auto","background-attachment":"scroll","background-type":"","background-media":"","overlay-type":"","overlay-color":"","overlay-opacity":"","overlay-gradient":""},"tablet":{"background-color":"","background-image":"","background-repeat":"repeat","background-position":"center center","background-size":"auto","background-attachment":"scroll","background-type":"","background-media":"","overlay-type":"","overlay-color":"","overlay-opacity":"","overlay-gradient":""},"mobile":{"background-color":"","background-image":"","background-repeat":"repeat","background-position":"center center","background-size":"auto","background-attachment":"scroll","background-type":"","background-media":"","overlay-type":"","overlay-color":"","overlay-opacity":"","overlay-gradient":""}},"ast-content-background-meta":{"desktop":{"background-color":"var(--ast-global-color-5)","background-image":"","background-repeat":"repeat","background-position":"center center","background-size":"auto","background-attachment":"scroll","background-type":"","background-media":"","overlay-type":"","overlay-color":"","overlay-opacity":"","overlay-gradient":""},"tablet":{"background-color":"var(--ast-global-color-5)","background-image":"","background-repeat":"repeat","background-position":"center center","background-size":"auto","background-attachment":"scroll","background-type":"","background-media":"","overlay-type":"","overlay-color":"","overlay-opacity":"","overlay-gradient":""},"mobile":{"background-color":"var(--ast-global-color-5)","background-image":"","background-repeat":"repeat","background-position":"center center","background-size":"auto","background-attachment":"scroll","background-type":"","background-media":"","overlay-type":"","overlay-color":"","overlay-opacity":"","overlay-gradient":""}},"footnotes":""},"class_list":["post-1885","page","type-page","status-publish","hentry"],"yoast_head":"<!-- This site is optimized with the Yoast SEO plugin v27.6 - https:\/\/yoast.com\/product\/yoast-seo-wordpress\/ -->\n<title>Servicios de fotograf\u00eda y v\u00eddeo en Madrid - Somos Dani &amp; Sofi<\/title>\n<meta name=\"description\" content=\"Servicios profesionales de fotograf\u00eda y v\u00eddeo en Madrid para bodas, bautizos, reci\u00e9n nacidos, fotograf\u00eda infantil, familiar, premam\u00e1 y m\u00e1s.\" \/>\n<meta name=\"robots\" content=\"index, follow, max-snippet:-1, max-image-preview:large, max-video-preview:-1\" \/>\n<link rel=\"canonical\" href=\"https:\/\/somosdaniysofi.com\/index.php\/servicios-fotografia-y-video\/\" \/>\n<meta property=\"og:locale\" content=\"es_ES\" \/>\n<meta property=\"og:type\" content=\"article\" \/>\n<meta property=\"og:title\" content=\"Servicios de fotograf\u00eda y v\u00eddeo en Madrid - Somos Dani &amp; Sofi\" \/>\n<meta property=\"og:description\" content=\"Servicios profesionales de fotograf\u00eda y v\u00eddeo en Madrid para bodas, bautizos, reci\u00e9n nacidos, fotograf\u00eda infantil, familiar, premam\u00e1 y m\u00e1s.\" \/>\n<meta property=\"og:url\" content=\"https:\/\/somosdaniysofi.com\/index.php\/servicios-fotografia-y-video\/\" \/>\n<meta property=\"og:site_name\" content=\"Somos Dani &amp; Sofi\" \/>\n<meta property=\"article:modified_time\" content=\"2025-06-30T16:41:03+00:00\" \/>\n<meta property=\"og:image\" content=\"https:\/\/somosdaniysofi.com\/wp-content\/uploads\/2023\/03\/Casa-Manuela-1-scaled.jpg\" \/>\n<meta name=\"twitter:card\" content=\"summary_large_image\" \/>\n<meta name=\"twitter:label1\" content=\"Tiempo de lectura\" \/>\n\t<meta name=\"twitter:data1\" content=\"3 minutos\" \/>\n<script type=\"application\/ld+json\" class=\"yoast-schema-graph\">{\"@context\":\"https:\\\/\\\/schema.org\",\"@graph\":[{\"@type\":\"WebPage\",\"@id\":\"https:\\\/\\\/somosdaniysofi.com\\\/index.php\\\/servicios-fotografia-y-video\\\/\",\"url\":\"https:\\\/\\\/somosdaniysofi.com\\\/index.php\\\/servicios-fotografia-y-video\\\/\",\"name\":\"Servicios de fotograf\u00eda y v\u00eddeo en Madrid - Somos Dani &amp; Sofi\",\"isPartOf\":{\"@id\":\"https:\\\/\\\/somosdaniysofi.com\\\/#website\"},\"primaryImageOfPage\":{\"@id\":\"https:\\\/\\\/somosdaniysofi.com\\\/index.php\\\/servicios-fotografia-y-video\\\/#primaryimage\"},\"image\":{\"@id\":\"https:\\\/\\\/somosdaniysofi.com\\\/index.php\\\/servicios-fotografia-y-video\\\/#primaryimage\"},\"thumbnailUrl\":\"https:\\\/\\\/somosdaniysofi.com\\\/wp-content\\\/uploads\\\/2023\\\/03\\\/Casa-Manuela-1-scaled.jpg\",\"datePublished\":\"2020-09-15T06:48:51+00:00\",\"dateModified\":\"2025-06-30T16:41:03+00:00\",\"description\":\"Servicios profesionales de fotograf\u00eda y v\u00eddeo en Madrid para bodas, bautizos, reci\u00e9n nacidos, fotograf\u00eda infantil, familiar, premam\u00e1 y m\u00e1s.\",\"breadcrumb\":{\"@id\":\"https:\\\/\\\/somosdaniysofi.com\\\/index.php\\\/servicios-fotografia-y-video\\\/#breadcrumb\"},\"inLanguage\":\"es\",\"potentialAction\":[{\"@type\":\"ReadAction\",\"target\":[\"https:\\\/\\\/somosdaniysofi.com\\\/index.php\\\/servicios-fotografia-y-video\\\/\"]}]},{\"@type\":\"ImageObject\",\"inLanguage\":\"es\",\"@id\":\"https:\\\/\\\/somosdaniysofi.com\\\/index.php\\\/servicios-fotografia-y-video\\\/#primaryimage\",\"url\":\"https:\\\/\\\/somosdaniysofi.com\\\/wp-content\\\/uploads\\\/2023\\\/03\\\/Casa-Manuela-1-scaled.jpg\",\"contentUrl\":\"https:\\\/\\\/somosdaniysofi.com\\\/wp-content\\\/uploads\\\/2023\\\/03\\\/Casa-Manuela-1-scaled.jpg\",\"width\":2560,\"height\":1709,\"caption\":\"fotograf\u00eda de boda - detalle velo\"},{\"@type\":\"BreadcrumbList\",\"@id\":\"https:\\\/\\\/somosdaniysofi.com\\\/index.php\\\/servicios-fotografia-y-video\\\/#breadcrumb\",\"itemListElement\":[{\"@type\":\"ListItem\",\"position\":1,\"name\":\"Portada\",\"item\":\"https:\\\/\\\/somosdaniysofi.com\\\/\"},{\"@type\":\"ListItem\",\"position\":2,\"name\":\"Services\"}]},{\"@type\":\"WebSite\",\"@id\":\"https:\\\/\\\/somosdaniysofi.com\\\/#website\",\"url\":\"https:\\\/\\\/somosdaniysofi.com\\\/\",\"name\":\"somosdaniysofi.com\",\"description\":\"Fotograf\u00eda y video en Madrid. Bodas, Bautizos, Premam\u00e1 y m\u00e1s\",\"publisher\":{\"@id\":\"https:\\\/\\\/somosdaniysofi.com\\\/#\\\/schema\\\/person\\\/16a4aabfcd6ecbfa99f355c8539930a2\"},\"potentialAction\":[{\"@type\":\"SearchAction\",\"target\":{\"@type\":\"EntryPoint\",\"urlTemplate\":\"https:\\\/\\\/somosdaniysofi.com\\\/?s={search_term_string}\"},\"query-input\":{\"@type\":\"PropertyValueSpecification\",\"valueRequired\":true,\"valueName\":\"search_term_string\"}}],\"inLanguage\":\"es\"},{\"@type\":[\"Person\",\"Organization\"],\"@id\":\"https:\\\/\\\/somosdaniysofi.com\\\/#\\\/schema\\\/person\\\/16a4aabfcd6ecbfa99f355c8539930a2\",\"name\":\"somosdaniysofi\",\"image\":{\"@type\":\"ImageObject\",\"inLanguage\":\"es\",\"@id\":\"https:\\\/\\\/somosdaniysofi.com\\\/wp-content\\\/uploads\\\/2023\\\/08\\\/El_elegido-removebg-preview.png\",\"url\":\"https:\\\/\\\/somosdaniysofi.com\\\/wp-content\\\/uploads\\\/2023\\\/08\\\/El_elegido-removebg-preview.png\",\"contentUrl\":\"https:\\\/\\\/somosdaniysofi.com\\\/wp-content\\\/uploads\\\/2023\\\/08\\\/El_elegido-removebg-preview.png\",\"width\":500,\"height\":500,\"caption\":\"somosdaniysofi\"},\"logo\":{\"@id\":\"https:\\\/\\\/somosdaniysofi.com\\\/wp-content\\\/uploads\\\/2023\\\/08\\\/El_elegido-removebg-preview.png\"},\"sameAs\":[\"https:\\\/\\\/somosdaniysofi.com\"]}]}<\/script>\n<!-- \/ Yoast SEO plugin. -->","yoast_head_json":{"title":"Servicios de fotograf\u00eda y v\u00eddeo en Madrid - Somos Dani &amp; Sofi","description":"Servicios profesionales de fotograf\u00eda y v\u00eddeo en Madrid para bodas, bautizos, reci\u00e9n nacidos, fotograf\u00eda infantil, familiar, premam\u00e1 y m\u00e1s.","robots":{"index":"index","follow":"follow","max-snippet":"max-snippet:-1","max-image-preview":"max-image-preview:large","max-video-preview":"max-video-preview:-1"},"canonical":"https:\/\/somosdaniysofi.com\/index.php\/servicios-fotografia-y-video\/","og_locale":"es_ES","og_type":"article","og_title":"Servicios de fotograf\u00eda y v\u00eddeo en Madrid - Somos Dani &amp; Sofi","og_description":"Servicios profesionales de fotograf\u00eda y v\u00eddeo en Madrid para bodas, bautizos, reci\u00e9n nacidos, fotograf\u00eda infantil, familiar, premam\u00e1 y m\u00e1s.","og_url":"https:\/\/somosdaniysofi.com\/index.php\/servicios-fotografia-y-video\/","og_site_name":"Somos Dani &amp; Sofi","article_modified_time":"2025-06-30T16:41:03+00:00","og_image":[{"url":"https:\/\/somosdaniysofi.com\/wp-content\/uploads\/2023\/03\/Casa-Manuela-1-scaled.jpg","type":"","width":"","height":""}],"twitter_card":"summary_large_image","twitter_misc":{"Tiempo de lectura":"3 minutos"},"schema":{"@context":"https:\/\/schema.org","@graph":[{"@type":"WebPage","@id":"https:\/\/somosdaniysofi.com\/index.php\/servicios-fotografia-y-video\/","url":"https:\/\/somosdaniysofi.com\/index.php\/servicios-fotografia-y-video\/","name":"Servicios de fotograf\u00eda y v\u00eddeo en Madrid - Somos Dani &amp; Sofi","isPartOf":{"@id":"https:\/\/somosdaniysofi.com\/#website"},"primaryImageOfPage":{"@id":"https:\/\/somosdaniysofi.com\/index.php\/servicios-fotografia-y-video\/#primaryimage"},"image":{"@id":"https:\/\/somosdaniysofi.com\/index.php\/servicios-fotografia-y-video\/#primaryimage"},"thumbnailUrl":"https:\/\/somosdaniysofi.com\/wp-content\/uploads\/2023\/03\/Casa-Manuela-1-scaled.jpg","datePublished":"2020-09-15T06:48:51+00:00","dateModified":"2025-06-30T16:41:03+00:00","description":"Servicios profesionales de fotograf\u00eda y v\u00eddeo en Madrid para bodas, bautizos, reci\u00e9n nacidos, fotograf\u00eda infantil, familiar, premam\u00e1 y m\u00e1s.","breadcrumb":{"@id":"https:\/\/somosdaniysofi.com\/index.php\/servicios-fotografia-y-video\/#breadcrumb"},"inLanguage":"es","potentialAction":[{"@type":"ReadAction","target":["https:\/\/somosdaniysofi.com\/index.php\/servicios-fotografia-y-video\/"]}]},{"@type":"ImageObject","inLanguage":"es","@id":"https:\/\/somosdaniysofi.com\/index.php\/servicios-fotografia-y-video\/#primaryimage","url":"https:\/\/somosdaniysofi.com\/wp-content\/uploads\/2023\/03\/Casa-Manuela-1-scaled.jpg","contentUrl":"https:\/\/somosdaniysofi.com\/wp-content\/uploads\/2023\/03\/Casa-Manuela-1-scaled.jpg","width":2560,"height":1709,"caption":"fotograf\u00eda de boda - detalle velo"},{"@type":"BreadcrumbList","@id":"https:\/\/somosdaniysofi.com\/index.php\/servicios-fotografia-y-video\/#breadcrumb","itemListElement":[{"@type":"ListItem","position":1,"name":"Portada","item":"https:\/\/somosdaniysofi.com\/"},{"@type":"ListItem","position":2,"name":"Services"}]},{"@type":"WebSite","@id":"https:\/\/somosdaniysofi.com\/#website","url":"https:\/\/somosdaniysofi.com\/","name":"somosdaniysofi.com","description":"Fotograf\u00eda y video en Madrid. Bodas, Bautizos, Premam\u00e1 y m\u00e1s","publisher":{"@id":"https:\/\/somosdaniysofi.com\/#\/schema\/person\/16a4aabfcd6ecbfa99f355c8539930a2"},"potentialAction":[{"@type":"SearchAction","target":{"@type":"EntryPoint","urlTemplate":"https:\/\/somosdaniysofi.com\/?s={search_term_string}"},"query-input":{"@type":"PropertyValueSpecification","valueRequired":true,"valueName":"search_term_string"}}],"inLanguage":"es"},{"@type":["Person","Organization"],"@id":"https:\/\/somosdaniysofi.com\/#\/schema\/person\/16a4aabfcd6ecbfa99f355c8539930a2","name":"somosdaniysofi","image":{"@type":"ImageObject","inLanguage":"es","@id":"https:\/\/somosdaniysofi.com\/wp-content\/uploads\/2023\/08\/El_elegido-removebg-preview.png","url":"https:\/\/somosdaniysofi.com\/wp-content\/uploads\/2023\/08\/El_elegido-removebg-preview.png","contentUrl":"https:\/\/somosdaniysofi.com\/wp-content\/uploads\/2023\/08\/El_elegido-removebg-preview.png","width":500,"height":500,"caption":"somosdaniysofi"},"logo":{"@id":"https:\/\/somosdaniysofi.com\/wp-content\/uploads\/2023\/08\/El_elegido-removebg-preview.png"},"sameAs":["https:\/\/somosdaniysofi.com"]}]}},"uagb_featured_image_src":{"full":false,"thumbnail":false,"medium":false,"medium_large":false,"large":false,"1536x1536":false,"2048x2048":false},"uagb_author_info":{"display_name":"somosdaniysofi","author_link":"https:\/\/somosdaniysofi.com\/index.php\/author\/somosdaniysofi\/"},"uagb_comment_info":0,"uagb_excerpt":"Servicios CONOCE NUESTROS SERVICIOS DE FOTOGRAF\u00cdA Y V\u00cdDEO FOTOGRAF\u00cdA Y V\u00cdDEO PARA BODAS En nuestra secci\u00f3n de fotograf\u00eda y v\u00eddeo para bodas, te ofrecemos servicios personalizados y profesionales para capturar cada momento de tu gran d\u00eda. Desde los preparativos hasta el baile, nos aseguramos de documentar todos los detalles para que puedas revivir tus recuerdos&hellip;","_links":{"self":[{"href":"https:\/\/somosdaniysofi.com\/index.php\/wp-json\/wp\/v2\/pages\/1885","targetHints":{"allow":["GET"]}}],"collection":[{"href":"https:\/\/somosdaniysofi.com\/index.php\/wp-json\/wp\/v2\/pages"}],"about":[{"href":"https:\/\/somosdaniysofi.com\/index.php\/wp-json\/wp\/v2\/types\/page"}],"author":[{"embeddable":true,"href":"https:\/\/somosdaniysofi.com\/index.php\/wp-json\/wp\/v2\/users\/1"}],"replies":[{"embeddable":true,"href":"https:\/\/somosdaniysofi.com\/index.php\/wp-json\/wp\/v2\/comments?post=1885"}],"version-history":[{"count":33,"href":"https:\/\/somosdaniysofi.com\/index.php\/wp-json\/wp\/v2\/pages\/1885\/revisions"}],"predecessor-version":[{"id":4256,"href":"https:\/\/somosdaniysofi.com\/index.php\/wp-json\/wp\/v2\/pages\/1885\/revisions\/4256"}],"wp:attachment":[{"href":"https:\/\/somosdaniysofi.com\/index.php\/wp-json\/wp\/v2\/media?parent=1885"}],"curies":[{"name":"wp","href":"https:\/\/api.w.org\/{rel}","templated":true}]}}